e
Is 1579959 a multiple of 11?
False
Is 5004298 a multiple of 12?
False
Is 13 a factor of 733655?
True
Is 55 a factor of 218164?
False
Is 8 a factor of 17612552?
True
Is 5668 a multiple of 35?
False
Is 148 a factor of 3699556?
True
Does 7 divide 196112?
True
Does 26 divide 5269082?
True
Is 816 a factor of 5769936?
True
Does 171 divide 46320?
False
Is 53 a factor of 534866?
False
Is 12 a factor of 252420?
True
Does 122 divide 8260949?
False
Is 56 a factor of 9000208?
True
Does 71 divide 147609?
True
Does 210 divide 3812859?
False
Is 230096 a multiple of 433?
False
Is 68 a factor of 1175518?
False
Is 77 a factor of 3850?
True
Is 4199272 a multiple of 8?
True
Is 61020 a multiple of 1130?
True
Is 144055 a multiple of 47?
True
Is 18 a factor of 310194?
True
Is 10704210 a multiple of 23?
False
Is 73 a factor of 3577?
True
Is 49105 a multiple of 16?
False
Is 10286139 a multiple of 180?
False
Is 357 a factor of 223125?
True
Is 30 a factor of 426117?
False
Is 725888 a multiple of 212?
True
Is 192840 a multiple of 79?
False
Is 12 a factor of 2015928?
True
Is 307995 a multiple of 15?
True
Is 487858 a multiple of 27?
False
Is 15 a factor of 218970?
True
Is 222312 a multiple of 6?
True
Does 14 divide 314762?
True
Is 42 a factor of 148393?
False
Is 10519159 a multiple of 29?
False
Is 88 a factor of 356576?
True
Is 870060 a multiple of 20?
True
Does 280 divide 873634?
False
Is 10 a factor of 330832?
False
Is 7312933 a multiple of 32?
False
Does 244 divide 6820288?
True
Does 456 divide 271320?
True
Is 53392 a multiple of 142?
True
Is 4491300 a multiple of 13?
False
Is 5852 a multiple of 38?
True
Is 2442260 a multiple of 8?
False
Is 51268 a multiple of 52?
False
Does 25 divide 1612575?
True
Is 180 a factor of 410171?
False
Does 31 divide 193254?
True
Does 57 divide 1177538?
False
Is 38 a factor of 250524?
False
Does 24 divide 22937?
False
Is 16 a factor of 4540929?
False
Is 14 a factor of 582894?
False
Is 12 a factor of 94548?
True
Does 1037 divide 5150779?
True
Does 511 divide 273896?
True
Does 187 divide 100980?
True
Is 4838304 a multiple of 202?
True
Does 224 divide 7514312?
False
Is 17 a factor of 1062296?
True
Is 41236 a multiple of 26?
True
Is 241203 a multiple of 159?
True
Is 53 a factor of 1691972?
True
Is 43 a factor of 1778222?
True
Is 53205 a multiple of 74?
False
Is 192480 a multiple of 160?
True
Is 3106388 a multiple of 55?
False
Is 74 a factor of 267506?
False
Does 433 divide 3694356?
True
Does 46 divide 3424654?
True
Is 387 a factor of 284445?
True
Is 573 a multiple of 3?
True
Is 25360 a multiple of 5?
True
Does 774 divide 739753?
False
Is 26 a factor of 3214847?
False
Is 162553 a multiple of 14?
False
Is 173 a factor of 61415?
True
Is 13 a factor of 44798?
True
Is 43 a factor of 257199?
False
Is 878574 a multiple of 6?
True
Is 9370 a multiple of 10?
True
Is 3008203 a multiple of 14?
False
Does 16 divide 82064?
True
Does 11 divide 702350?
True
Does 2864 divide 23493392?
True
Is 4 a factor of 132932?
True
Is 27 a factor of 8741574?
True
Is 219355 a multiple of 17?
False
Does 16 divide 105232?
True
Is 663 a factor of 1283190?
False
Is 33 a factor of 941259?
True
Is 80 a factor of 180201?
False
Does 2 divide 149672?
True
Is 19113 a multiple of 17?
False
Is 26 a factor of 172692?
True
Is 29 a factor of 2255446?
True
Is 22 a factor of 2018402?
False
Does 170 divide 829940?
True
Is 20 a factor of 89047?
False
Is 4 a factor of 8694?
False
Is 476 a factor of 21308140?
True
Does 29 divide 1088979?
True
Is 112 a factor of 428848?
True
Does 10 divide 4390485?
False
Is 151927 a multiple of 10?
False
Does 16 divide 50632?
False
Does 571 divide 370579?
True
Is 3034494 a multiple of 526?
True
Is 76314 a multiple of 336?
False
Is 598 a factor of 5278546?
True
Is 514206 a multiple of 539?
True
Is 1605283 a multiple of 104?
False
Does 55 divide 493024?
False
Does 124 divide 245892?
True
Is 32 a factor of 6289?
False
Is 4 a factor of 9625?
False
Is 57624 a multiple of 8?
True
Is 65 a factor of 1393210?
True
Is 90 a factor of 192600?
True
Is 38016 a multiple of 99?
True
Is 803383 a multiple of 7?
True
Is 528175 a multiple of 21?
False
Is 16644440 a multiple of 30?
False
Does 43 divide 5581658?
True
Does 85 divide 151483?
False
Is 79 a factor of 1046713?
False
Is 35244 a multiple of 11?
True
Is 98 a factor of 867000?
False
Is 47078 a multiple of 2?
True
Does 165 divide 112695?
True
Is 590410 a multiple of 755?
True
Does 98 divide 1627447?
False
Is 12 a factor of 6734538?
False
Is 7787 a multiple of 3?
False
Is 309 a factor of 4647978?
True
Is 6979840 a multiple of 80?
True
Does 408 divide 79527?
False
Does 307 divide 245311?
False
Is 97873 a multiple of 8?
False
Does 2 divide 15539?
False
Is 5 a factor of 245895?
True
Is 6504509 a multiple of 13?
False
Does 37 divide 973027?
False
Does 870 divide 1350240?
True
Is 395 a factor of 8643?
False
Is 49072 a multiple of 4?
True
Is 91 a factor of 1146197?
False
Is 574248 a multiple of 6?
True
Is 138510 a multiple of 5?
True
Does 307 divide 4636445?
False
Is 48 a factor of 4282944?
True
Is 122 a factor of 31832?
False
Does 172 divide 11332392?
True
Does 116 divide 71688?
True
Is 67 a factor of 14067?
False
Does 47 divide 234436?
True
Does 57 divide 33238410?
True
Does 18 divide 134262?
True
Is 1181484 a multiple of 12?
True
Is 2549191 a multiple of 1275?
False
Does 877 divide 7826850?
False
Does 18 divide 736776?
True
Is 432600 a multiple of 84?
True
Does 192 divide 385152?
True
Is 14 a factor of 59804?
False
Is 10927840 a multiple of 44?
True
Is 165 a factor of 41085?
True
Does 143 divide 62781?
False
Does 252 divide 265104?
True
Is 185968 a multiple of 16?
True
Is 163951 a multiple of 19?
True
Is 161937 a multiple of 171?
True
Is 44 a factor of 23164504?
True
Is 5 a factor of 889339?
False
Does 412 divide 49028?
True
Does 261 divide 2344041?
True
Does 374 divide 330616?
True
Does 26 divide 138664?
False
Is 12033 a multiple of 21?
True
Does 241 divide 1993454?
False
Is 2196712 a multiple of 471?
False
Does 18 divide 6116994?
True
Is 402 a factor of 205658?
False
Is 3895767 a multiple of 20?
False
Is 46 a factor of 63664?
True
Is 246736 a multiple of 56?
True
Does 10 divide 1698341?
False
Is 10900482 a multiple of 791?
False
Is 14 a factor of 33708?
False
Is 290 a factor of 17741?
False
Is 934263 a multiple of 3?
True
Is 41 a factor of 102466?
False
Is 58 a factor of 666594?
True
Is 40 a factor of 798816?
False
Is 17 a factor of 2809634?
False
Is 12 a factor of 34861?
False
Is 431970 a multiple of 7?
True
Is 1302488 a multiple of 147?
False
Is 61 a factor of 8366760?
True
Is 2217839 a multiple of 57?
False
Is 132 a factor of 12355715?
False
Is 285724 a multiple of 175?
False
Is 92713 a multiple of 13?
False
Is 15 a factor of 1638753?
False
Is 385845 a multiple of 435?
True
Is 4050310 a multiple of 22?
True
Is 105 a factor of 490245?
True
Does 22 divide 8646126?
False
Does 44 divide 29260?
True
Does 3 divide 11138?
False
Does 50 divide 175800?
True
Does 6 divide 72598?
False
Is 991 a factor of 244739?
False
Does 37 divide 348725?
True
Is 5456592 a multiple of 306?
True
Is 2 a factor of 221905?
False
Is 1698885 a multiple of 45?
True
Is 159712 a multiple of 23?
True
Is 5 a factor of 2694715?
True
Is 50 a factor of 1067616?
False
Does 5 divide 9630?
True
Is 12 a factor of 2664962?
False
Is 2874437 a multiple of 5?
False
Does 12 divide 242844?
True
Is 58777 a multiple of 3?
False
Is 7463772 a multiple of 18?
True
Is 97820 a multiple of 69?
False
Does 109 divide 75852?
False
Does 57 divide 7091199?
True
Does 484 divide 207152?
True
Is 25 a factor of 60125?
True
Is 812246 a multiple of 451?
False
Does 6 divide 3945162?
True
Is 25 a factor of 4583135?
False
Does 56 divide 269266?
False
Is 17 a factor of 27594264?
True
Is 3442692 a multiple of 242?
True
Is 1301945 a multiple of 80?
False
Does 25 divide 1518125?
True
Is 63409 a multiple of 59?
False
Is 302 a factor of 746846?
True
Is 1510654 a multiple of 34?
True
Does 699 divide 5336166?
True
Is 3299337 a multiple of 15?
False
Does 962 divide 1502035?
False
Is 29 a factor of 165764?
True
Does 2364 divide 16760760?
True
Does 453 divide 15402?
True
Does 49 divide 284000?
False
Does 177 divide 59106?
False
Is 6173297 a multiple of 46?
False
Does 15 divide 577635?
True
Is 94 a fact